{"id":16115,"date":"2025-01-05T10:01:16","date_gmt":"2025-01-05T10:01:16","guid":{"rendered":"https:\/\/kenancrnkicacademy.com\/web-shop\/?post_type=product&#038;p=16115"},"modified":"2025-03-24T13:31:17","modified_gmt":"2025-03-24T12:31:17","slug":"trilogija-70e","status":"publish","type":"product","link":"https:\/\/kenancrnkicacademy.com\/web-shop\/web-shop\/knjige-inostranstvo\/trilogija-70e\/","title":{"rendered":"Trilogija \u201e\u017divot-Sre\u0107a-Uspjeh\u201c 70\u20ac"},"content":{"rendered":"<h1>Trilogija \u201e\u017divot-Sre\u0107a-Uspjeh\u201c<\/h1>\n<p>Sada ve\u0107 legendarna trilogija knjiga o uspjehu (7 tajni uspjeha), sre\u0107i (Pazi kojeg vuka hrani\u0161) i \u017eivotu (Nad\u017eivjeti \u017eivot) je dostupna u jednom paketu, u formi svojevrsne ku\u0107ne biblioteke i po promotivnoj cijeni!\u00a0U cijenu je uklju\u010dena dostava te SAMO u ovom obliku i POSEBAN BONUS SVIM KUPCIMA &#8211; jedinstveni poklon iznena\u0111enja!.<\/p>\n<p>Knjige Dr. Kenana Crnki\u0107a vi\u0161estruko su nagra\u0111ivane i prodane su u vi\u0161e od pola miliona primjeraka, \u0161to ga \u010dini daleko najpopularnijim autorom motivacione literature na \u0161irem prostoru jugoisto\u010dne Europe!<br \/>\nOve tri knjige pomo\u0107i \u0107e sigurno i Vama da vodite jedan uspje\u0161niji, sretniji i nadasve ispunjeniji \u017eivot.<\/p>\n<p>Ne propustite nabaviti!<\/p>\n<p><strong>Cijena proizvoda je sa uklju\u010denom dostavom na Va\u0161u adresu!<\/strong><\/p>\n","protected":false},"excerpt":{"rendered":"<p>Trilogija \u201e\u017divot-Sre\u0107a-Uspjeh\u201c Sada ve\u0107 legendarna trilogija knjiga o uspjehu (7 tajni uspjeha), sre\u0107i (Pazi kojeg vuka hrani\u0161) i \u017eivotu (Nad\u017eivjeti<\/p>\n","protected":false},"featured_media":16116,"template":"","meta":[],"product_brand":[],"product_cat":[83],"product_tag":[88,95],"class_list":{"0":"post-16115","1":"product","2":"type-product","3":"status-publish","4":"has-post-thumbnail","6":"product_cat-knjige-inostranstvo","7":"product_tag-kenan-crnkic","8":"product_tag-trilogija-zivot-sreca-uspjeh","10":"first","11":"instock","12":"shipping-taxable","13":"purchasable","14":"product-type-simple"},"_links":{"self":[{"href":"https:\/\/kenancrnkicacademy.com\/web-shop\/wp-json\/wp\/v2\/product\/16115","targetHints":{"allow":["GET"]}}],"collection":[{"href":"https:\/\/kenancrnkicacademy.com\/web-shop\/wp-json\/wp\/v2\/product"}],"about":[{"href":"https:\/\/kenancrnkicacademy.com\/web-shop\/wp-json\/wp\/v2\/types\/product"}],"version-history":[{"count":0,"href":"https:\/\/kenancrnkicacademy.com\/web-shop\/wp-json\/wp\/v2\/product\/16115\/revisions"}],"wp:featuredmedia":[{"embeddable":true,"href":"https:\/\/kenancrnkicacademy.com\/web-shop\/wp-json\/wp\/v2\/media\/16116"}],"wp:attachment":[{"href":"https:\/\/kenancrnkicacademy.com\/web-shop\/wp-json\/wp\/v2\/media?parent=16115"}],"wp:term":[{"taxonomy":"product_brand","embeddable":true,"href":"https:\/\/kenancrnkicacademy.com\/web-shop\/wp-json\/wp\/v2\/product_brand?post=16115"},{"taxonomy":"product_cat","embeddable":true,"href":"https:\/\/kenancrnkicacademy.com\/web-shop\/wp-json\/wp\/v2\/product_cat?post=16115"},{"taxonomy":"product_tag","embeddable":true,"href":"https:\/\/kenancrnkicacademy.com\/web-shop\/wp-json\/wp\/v2\/product_tag?post=16115"}],"curies":[{"name":"wp","href":"https:\/\/api.w.org\/{rel}","templated":true}]}}